ose 3*u - 460 = -5*i, -7*i + 2*i - 555 = -f*u. What are the prime factors of u?
5, 29
Let m(k) = k**2 - k - 1. Let x be m(-5). Suppose x*f = 10*f + 14820. List the prime factors of f.
2, 3, 5, 13
Let h be ((-20244)/(-35) - 4) + (-6)/15. Suppose -5*w + 1370 = 5*q, -3*w = -5*q + 788 + h. What are the prime factors of q?
3, 7, 13
Let d(m) = 2*m**2 + 9*m + 81. Suppose -65 = -g + 6*g - 2*x, 4*g + 4*x + 52 = 0. List the prime factors of d(g).
2, 151
Let q(k) = k**3 - 32*k**2 - 9*k - 14. What are the prime factors of q(33)?
2, 389
Let q be -97 + (-12)/30*-10. What are the prime factors of (q/(-2))/(37/74)?
3, 31
Let t(n) = 68 + 69 + 3*n - 89. Let w be t(-15). List the prime factors of (-959)/(-11) - (w - (-62)/(-22)).
3, 29
Let r be -5*1/(-5)*2. List the prime factors of 7 - r - (-875 - 5).
3, 5, 59
Let h(c) = -203*c - 104. Let f(q) = 51*q + 26. Let t(x) = 9*f(x) + 2*h(x). Suppose -10*z + 158 - 128 = 0. What are the prime factors of t(z)?
5, 37
Let n = 4764 - 4191. List the prime factors of n.
3, 191
Let a = 818 + -619. List the prime factors of a + (-7 - -5) + 3.
2, 5
Suppose 0 = -62*w + 87*w + 25. What are the prime factors of 1*(1 - w - -564)?
2, 283
Let g be (-6)/21 + (5 - (-12)/42). List the prime factors of (g - 6 - 1) + 169.
167
Let u(n) = 6*n - 8. Let m be u(2). Suppose 4*r - 1171 = -3*b, 3*b + 571 = m*r - 594. What are the prime factors of r?
2, 73
Let s be 4 + (-1)/1*-863. Let h = s + -373. List the prime factors of h.
2, 13, 19
What are the prime factors of (610 - -3)/(-3 + 424/140)?
5, 7, 613
Let r(n) = 16*n + 82. Let h be r(-5). Suppose z + 271 = h*i - 2*z, 4*z = 12. List the prime factors of i.
2, 5, 7
Let q be 1155/147 - ((-2)/(-7))/(-2). Suppose q*g - 259 = g. List the prime factors of (1 - (-3 - (0 - 2))) + g.
3, 13
Let i(c) be the third derivative of 7*c**5/60 + 13*c**3/6 + 99*c**2. List the prime factors of i(5).
2, 47
Suppose 2*q - 1 = 3. Let u be 1/q*(13 + -1). Suppose 5*z = 2*r + u*z - 59, 106 = 4*r - 2*z. List the prime factors of r.
2, 7
Suppose -5*g + 32175 = -0*g. Let a(v) = v**3 - 31*v**2 - 36*v + 155. Let w be a(32). List the prime factors of g/w - (1 + (-5)/3).
239
Suppose 2*k = k + 318. Let y be 3*((-233440)/3120 - (-4)/26). Let c = y + k. List the prime factors of c.
2, 47
Let f(j) = j - 6. Let t be f(11). Let m(c) = 148*c + 10. Let i be m(t). What are the prime factors of 1/11*i + (-26)/143?
2, 17
Suppose -6*p - 4*a = -p - 270, 0 = -4*p - a + 227. Let q = 67 - p. Let j(k) = k**2 + 3*k - 16. What are the prime factors of j(q)?
2, 23
Let j = -53 - -53. Suppose j = -11*r + 16*r + 10. List the prime factors of r/9 + 4*(-1318)/(-72).
73
Suppose -320*l + 172*l + 162*l - 51856 = 0. What are the prime factors of l?
2, 463
Suppose -5*n = 4*t - 9 - 16, 21 = 5*t - 4*n. Suppose 51 = 4*m - 5*u, 4*m - 2*u = -t*u + 59. Suppose 11*v + 483 = m*v. List the prime factors of v.
7, 23
Let t(p) = p**2 + 4*p - 10. Suppose 0*z - 9 = -z - 5*n, 3*z + 2*n = 53. Suppose h - 2*r + 4*r = 14, 0 = -2*h - r + z. What are the prime factors of t(h)?
2, 43
List the prime factors of ((-15)/(-40)*762)/(((-66)/208)/(-11)).
2, 3, 13, 127
Let x be 1/(20/15)*64. Let p = x + -46. Suppose s = -0*q - p*q + 141, 345 = 5*q + 4*s. What are the prime factors of q?
73
Suppose 0*g + 119 = -g. Let u be (-2)/7 - 5984/g. What are the prime factors of (4/10)/(20/u)*209?
11, 19
What are the prime factors of ((-758)/(-2653))/((-1)/(-195601))?
2, 27943
Suppose -22*z + 30*z - 584 = 0. Suppose -z*u - 22330 = -87*u. What are the prime factors of u?
5, 11, 29
Let h(s) = -49*s + 72. Let i be h(7). Let k = -210 - i. List the prime factors of k.
61
Suppose 3*r = 5*r + 2*v - 4, r + 5*v = -2. Suppose -2*x = 2*f - 90, r*f + 4*x + x = 125. Suppose -6*j = -7*j + f. List the prime factors of j.
2, 5
Suppose -9*k = 87 + 102. Let q(m) = -m**3 - 21*m**2 - 9*m + 28. What are the prime factors of q(k)?
7, 31
Let l(i) = -i**2 + 107. Let a be l(0). Let r = 50 - 47. Suppose 0 = -3*d + 2*m - 52 + 153, r*d + m - a = 0. List the prime factors of d.
5, 7
Let j(t) = 4210*t**2 + 158*t + 1. What are the prime factors of j(-4)?
3, 13, 29, 59
Suppose 0*x + 10*x = -80. Let k be (4/8 - 2)/((-2)/x). Let o(w) = 3*w**2 + 6*w - 11. List the prime factors of o(k).
61
Let j(n) = 2286*n**2 - 833*n + 2487. List the prime factors of j(3).
2, 3, 23, 149
Let u be 1 - 24884/(-8) - (-2)/4. Suppose -13*s = 31 - u. List the prime factors of s.
3, 79
Let z be (-1 + 4501/3)/((-10)/(-15)). Suppose 17*o - 1644 = z. List the prime factors of o.
229
Let h(t) = 105*t - 14. Let r be h(11). Let k = r + -772. Suppose 5*j = i + k - 42, 2*j - 138 = -2*i. List the prime factors of j.
2, 3, 11
Let r be 1830 + -1 + (-20)/(-4). Suppose -12*a + r = -3170. List the prime factors of a.
3, 139
Let z be (0 + 55)*180/(-75). Let w = 109 - z. What are the prime factors of w?
241
Let f = 8593 + 26135. List the prime factors of f.
2, 3, 1447
Suppose 0 = 83*p - 47*p - 30708. List the prime factors of p.
853
Suppose 563*q + 82825 = 588*q. What are the prime factors of q?
3313
Let m = -613 - -610. What are the prime factors of 16/((m/(-27))/(3/18))?
2, 3
What are the prime factors of -4 - 2 - (5 + -4)*1063*-11?
13, 29, 31
Let x = 338 - 40. Suppose 0 = -w + x + 330. What are the prime factors of w?
2, 157
Let u(i) = i**3 - 21*i**2 + 33*i + 97. Let x be u(19). What are the prime factors of (12/24)/(x/1472)?
2, 23
Let p = 14121 - 13917. List the prime factors of p.
2, 3, 17
List the prime factors of 8518/3 + ((-1)/6)/(14/28).
17, 167
Let q = 2723 + 1033. Suppose -15*b - q = -21*b. What are the prime factors of b?
2, 313
Suppose 3*h - 10*h + 560 = 0. Let p = -74 + h. What are the prime factors of (-4)/14 + (p - 3508/(-28))?
131
Let q be 10 + 0 + -2 + -3. Suppose q*g = 0, 3*d - 2*g = 5*d - 4430. Suppose 16*o - d + 167 = 0. What are the prime factors of o?
2
Suppose 3*v = -0*v + 33. Let n = -260 + 270. Suppose -v*j = -n*j - 161. List the prime factors of j.
7, 23
Let g(f) = 10321*f + 973. What are the prime factors of g(5)?
2, 3, 23, 127
Suppose 26*y - 60 = 14*y. Suppose -s = y*w - 154, -4*s + 6*w + 616 = 8*w. What are the prime factors of s?
2, 7, 11
List the prime factors of (-2*(-338 + 4))/((-4)/32*-4).
2, 167
Suppose 3*p - 15213 = -2*u - 3900, 4*u - 4*p - 22596 = 0. List the prime factors of u.
2, 3, 157
Suppose 62*s - 60*s - 8 = 0. Suppose 3838 = -s*l - 6342. What are the prime factors of l/(-20) - (-1)/4*-1?
127
Let r(j) = j**2 - 23*j - 62. Let l be r(29). Suppose 6*y - 736 = -l. What are the prime factors of y?
2, 13
Let s be 21 - 19 - 4*1. Let x be 1 + (0 - -3) + s. What are the prime factors of (x - 6)*(-21 + -2)?
2, 23
Suppose 0 = -l + 2*l - 2*l. Suppose 2*a - 2*o - 14 = l, 5*a + 3*o - 67 = -0*o. Suppose -a*i - 282 = -14*i. What are the prime factors of i?
2, 47
Suppose -12 = 3*n + 9. Let m = -3 - n. Suppose -3*x = m*q - 0*q - 159, 4*q - x - 139 = 0. List the prime factors of q.
2, 3
Let n(b) = b**2 + 5*b + 3. Let z(j) = -5*j**2 - 24*j - 15. Let m(s) = -11*n(s) - 2*z(s). Let r be m(-2). List the prime factors of ((-36)/r)/(-4 - (-246)/63).
2, 3
Let t = 62 + -58. Suppose -2*d = -d + 4*s + 6, -10 = -d + t*s. Suppose 0 = -5*b, -2*b = -0*p - d*p + 70. List the prime factors of p.
5, 7
Suppose -128065 = -11*k + 3*p, 2*k - p - 16 - 23269 = 0. List the prime factors of k.
2, 5821
Suppose -41 + 17 = -4*x. Suppose -x*l - 1980 = -3*m - 8*l, 2*m - 1333 = 3*l. List the prime factors of m.
2, 331
Let o be (-1663)/(-3) - (8/6 - 2). Let a = o - 328. Let z = a + -162. What are the prime factors of z?
5, 13
Suppose -3037*v + 5*k + 153782 = -3033*v, -4*v - 5*k = -153842. List the prime factors of v.
38453
Let z = -13 - 30. Suppose 0 = 2*l - 128 + 28. Let p = l + z. What are the prime factors of p?
7
Suppose -10065 = -5*y + 5*v, -v = -8*y + 3*y + 10065. Let w = y - 981. List the prime factors of w.
2, 3, 43
What are the prime factors of 243243/14 - -5 - 25/50?
3, 1931
Let i be (-2)/4*(23 + -23). Suppose -f - 151 + 690 = i. Suppose 0 = -7*l - 0*l + f. List the prime factors of l.
7, 11
Suppose 23*b - 34 = 81. Suppose -5*k = b*i - 430, 5*i = k + i - 86. What are the prime factors of k?
2, 43
Let y(n) = 47*n**2 - 20*n - 64. Let v = -674 + 669. List the prime factors of y(v).
7, 173
Let b be 8/((-10)/15*3) + 41. Suppose -2080 = -47*d + b*d. List the prime factors 